5, what is 4011 + 303?
4314
In base 11, what is 2 + -57?
-55
In base 14, what is 8 - -1?
9
In base 15, what is -1 + 46?
45
In base 6, what is -4 + -5?
-13
In base 15, what is 0 - -25?
25
In base 13, what is -1 - 129?
-12a
In base 14, what is -2116 + -2?
-2118
In base 6, what is -3 - -3011?
3004
In base 3, what is 1 - 10122?
-10121
In base 13, what is 2b7 - -4?
2bb
In base 7, what is 13 - 26?
-13
In base 16, what is 1b + -7?
14
In base 13, what is -1 + -2c?
-30
In base 4, what is 20003102 + 11?
20003113
In base 5, what is 0 - 33?
-33
In base 16, what is -785 - -2?
-783
In base 12, what is 5 - 57?
-52
In base 5, what is 2400 + 0?
2400
In base 15, what is b - c?
-1
In base 13, what is -6 + -2c?
-35
In base 8, what is 4 + 3274?
3300
In base 15, what is -27a + -9?
-284
In base 14, what is 2 - 8?
-6
In base 9, what is 277 - 3?
274
In base 13, what is -197 - 13?
-1aa
In base 15, what is -70 + -e?
-7e
In base 16, what is 2 - -756?
758
In base 14, what is 6ad + 5?
6b4
In base 13, what is -3 + 3?
0
In base 12, what is 2 - a64?
-a62
In base 6, what is -34 + -20?
-54
In base 10, what is 7 + -7?
0
In base 3, what is -10 - -1101?
1021
In base 9, what is 516 + 4?
521
In base 12, what is 2 + -268?
-266
In base 13, what is -23 - -5?
-1b
In base 2, what is 111 - -10100011?
10101010
In base 15, what is -ebe + -3?
-ec2
In base 14, what is 18 - 289?
-271
In base 13, what is -4 + 59?
55
In base 13, what is 14a - -1b?
168
In base 16, what is 2 + -b9?
-b7
In base 13, what is 143 + -3?
140
In base 12, what is -2b - -4a?
1b
In base 15, what is -2cd + -4?
-2d2
In base 3, what is 11102 + 10?
11112
In base 13, what is 8 - 35?
-2a
In base 9, what is 2 + -462?
-460
In base 3, what is -10 + 200212?
200202
In base 16, what is e + 3b?
49
In base 10, what is -908 - 22?
-930
In base 11, what is 3 - 275?
-272
In base 7, what is -330 + -61?
-421
In base 2, what is 1010110 - -10100?
1101010
In base 9, what is -3 - 143?
-146
In base 2, what is 11000 - -1001?
100001
In base 16, what is 29 + -24?
5
In base 6, what is -10355 - -2?
-10353
In base 15, what is -9b - 3?
-9e
In base 4, what is -30 - -13?
-11
In base 5, what is 0 - 21?
-21
In base 8, what is -10 - -222?
212
In base 16, what is 2d - -75?
a2
In base 6, what is -511 + -252?
-1203
In base 5, what is -2420 - 0?
-2420
In base 10, what is 0 + 53?
53
In base 2, what is 11000 + 1110?
100110
In base 14, what is 3 + -50?
-4b
In base 8, what is 7 + -2346?
-2337
In base 4, what is 2030 + -31?
1333
In base 3, what is 1020 - -11?
1101
In base 7, what is -2126 - 4?
-2133
In base 8, what is 252 - -13?
265
In base 3, what is 0 - 10211?
-10211
In base 11, what is -1083 + -1?
-1084
In base 7, what is 3203 - -6?
3212
In base 4, what is 1 + -20031?
-20030
In base 8, what is 65 - 5?
60
In base 12, what is -2 - 28b7?
-28b9
In base 13, what is -1 - -7b?
7a
In base 2, what is 100 - 10111000101?
-10111000001
In base 14, what is -16 - 0?
-16
In base 8, what is 47 + 3?
52
In base 2, what is 111110 + 11?
1000001
In base 7, what is -2606 + 4?
-2602
In base 14, what is 3 + c4?
c7
In base 3, what is 21000 - 2?
20221
In base 3, what is -12 + 20221112?
20221100
In base 4, what is -2 + 210221?
210213
In base 8, what is 631 + 3?
634
In base 11, what is 3 - 986?
-983
In base 2, what is 111010001 + 10?
111010011
In base 3, what is -12210 + 12?
-12121
In base 14, what is 5 - -10?
15
In base 4, what is 1 - -10?
11
In base 3, what is -101 + 120210?
120102
In base 3, what is 0 - -102221?
102221
In base 2, what is -10100111 - 1?
-10101000
In base 15, what is -5a9 - -4?
-5a5
In base 7, what is -11 + -6?
-20
In base 13, what is 0 - -185?
185
In base 11, what is -7 + 5?
-2
In base 13, what is 1c4 + 3?
1c7
In base 4, what is 10 - 21322?
-21312
In base 14, what is -c + 45?
37
In base 8, what is -3 + 120?
115
In base 12, what is 1 + -437?
-436
In base 7, what is -2331 - -14?
-2314
In base 15, what is -3 + -3c?
-40
In base 3, what is 11112 - -1000?
12112
In base 8, what is -1503 - -3?
-1500
In base 2, what is -100 - -10101101000?
10101100100
In base 8, what is -527 - 3?
-532
In base 9, what is -11 - -438?
427
In base 4, what is -10 + 1121?
1111
In base 13, what is 37 + -5?
32
In base 15, what is 8 - -22?
2a
In base 4, what is -10 - -1103?
1033
In base 8, what is 2061 + -3?
2056
In base 13, what is 12 + -16?
-4
In base 12, what is -728 + 3?
-725
In base 16, what is ba60 + 5?
ba65
In base 4, what is -11 + -133?
-210
In base 8, what is 1027 + -1?
1026
In base 7, what is -31 + 353?
322
In base 14, what is -9 - -28a?
281
In base 11, what is 24 + 89?
102
In base 12, what is 6243 - 3?
6240
In base 10, what is -5 + 52?
47
In base 5, what is 4 + -134?
-130
In base 12, what is -14 + 657?
643
In base 14, what is -2 + 28?
26
In base 13, what is 103 - -6?
109
In base 10, what is -11 + -5?
-16
In base 7, what is 101263 + 5?
101301
In base 2, what is -1000001 - 100?
-1000101
In base 11, what is -5 + -726?
-730
In base 16, what is 146 - -3?
149
In base 15, what is -7 + 9?
2
In base 6, what is -5 + -1435?
-1444
In base 5, what is 4144 + -10?
4134
In base 16, what is 1e - 10?
e
In base 13, what is 5 + -3b?
-36
In base 16, what is 3345 + 4?
3349
In base 5, what is -21021 + 0?
-21021
In base 11, what is 3 - 1040?
-1038
In base 7, what is 3 + 4556?
4562
In base 6, what is -3 - 2304?
-2311
In base 12, what is -4 - 1a06?
-1a0a
In base 4, what is -10 + 20003?
13333
In base 9, what is -42 + -7?
-50
In base 9, what is 18 - -12?
31
In base 16, what is 4 - -e?
12
In base 10, what is 9074 - -3?
9077
In base 5, what is 10031 + -3?
10023
In base 11, what is -3 - 271?
-274
In base 13, what is 2 + 240?
242
In base 14, what is -85 + 4?
-81
In base 6, what is 3 - 200?
-153
In base 13, what is 5 + 42?
47
In base 7, what is -22 - -22?
0
In base 5, what is -1 - 4221?
-4222
In base 6, what is 25421 - 3?
25414
In base 11, what is -3 + -401?
-404
In base 14, what is -66 - 0?
-66
In base 7, what is 1 + 532?
533
In base 10, what is 329 - 2?
327
In base 11, what is -15302 + -2?
-15304
In base 7, what is -10 - -151?
141
In base 2, what is -11000 - -111110?
100110
In base 12, what is 1b2 - 0?
1b2
In base 8, what is 4 + 107?
113
In base 6, what is -141 - -11?
-130
In base 9, what is -1428 - -4?
-1424
In base 3, what is 100202 - -10211?
111120
In base 3, what is -1102 + 10?
-1022
In base 7, what is 320 - 15?
302
In base 16, what is -1 - -68?
67
In base 16, what is 1 + -32?
-31
In base 7, what is 5160 - 4?
5153
In base 8, what is -206 - -5?
-201
In base 3, what is 10202 + 111?
11020
In base 6, what is -4 - -3340?
3332
In base 8, what is 43 + -36?
5
In base 15, what is -82 - 1?
-83
In base 7, what is 550 - -1?
551
In base 13, what is -1 - 650?
-651
In base 6, what is -2 - 120?
-122
In base 13, what is 8 + 1c57?
1c62
In base 9, what is 12033 + 2?
12035
In base 4, what is 10 - 203003?
-202333
In base 12, what is -1 + -b3?
-b4
In base 13, what is 1224 + 2?
1226
In base 9, what is 5165 + 5?
5171
In base 10, what is -332 - -3?
-329
In base 10, what is 3053 - -1?
3054
In base 4, what is 1 - 33212?
-33211
In base 12, what is -64 - 4?
-68
In base 3, what is -12 + 1?
-11
In base 2, what is -11000100110 - -11?
-11000100011
In base 3, what is 1120 - -2?
1122
In base 13, what is -5 - -42?
3a
In base 2, what is -1 + -110111001?
-110111010
In base 13, what is c5 + -3?
c2
In base 4, what is 1023 - 320?
103
In base 6, what is 3 - 111?
-104
In base 15, what is 43 + 20?
63
In base 7, what is -1 + 55?
54
In base 10, what is -20392 - -2?
-20390
In base 3, what is -202220 + -1210?
-211200
In base 9, what is 4 + -58?
-54
In base 4, what is 32 + -10212?
-10120
In base 11, what is 2 - -22?
24
In base 12, what is 0 - 241?
-241
In base 2, what is 111 - -10?
1001
In base 2, what is -1 + -1000111010010?
-1000111010011
In base 4, what is 11 - 2001?
-1330
In base 15, what is -2 + -999?
-99b
In base 7, what is 5035 - 5?
5030
In base 8, what is 23350 + -1?
23347
In base 5, what is 1333 - -1?
1334
In base 7, what is 465 - -5?
503
In base 8, what is -42 - -14?
-26
In base 4, what is -3 + 13100?
13031
In base 10, what is 149 - -11?
160
In base 14, what is 3d - -7?
46
In base 11, what is 4 + -46?
-42
In base 12, what is 11 + -200?
-1ab
In base 3, what is 1102 + 1010?
2112
In base 12, what is 42 + -22?
20
In base 6, what is 44 - -104?
152
In base 5, what 